 = z*j - 226, j - 2*q + 3*q = 75. Is j prime?
False
Suppose -14*c - 3*t - 25334 = -16*c, -2*t = 3*c - 37975. Is c prime?
False
Let w(z) = 3*z + 71. Let k be w(-12). Suppose 36 = -t - 2*t. Let p = k + t. Is p a composite number?
False
Let c = -28541 - -42498. Is c composite?
True
Suppose -21 + 6 = -5*y. Let s(o) = -200*o. Let l be s(y). Let u = -349 - l. Is u prime?
True
Suppose -2*r + 0*r - 2*d = -38, 3*r + 2*d = 52. Let s = 19 - r. Suppose 1756 = 3*k - i, k - 5*k = -s*i - 2323. Is k composite?
False
Suppose 0 = 2*h + 4, 3*h - 2 = 2*m + 6*h. Let d(q) = -30*q - 1. Let t(r) = -89*r - 3. Let l(v) = 11*d(v) - 4*t(v). Is l(m) composite?
False
Let n(t) = 5*t**2 - 9*t - 1. Let f(u) = 1. Let c(m) = -m - 2. Let j(w) = -3*c(w) - 4*f(w). Let r be j(2). Is n(r) a prime number?
False
Let m be (-2)/(-6)*11*-3. Let f = 46 - m. Suppose 5*v - 48 - f = 0. Is v a prime number?
False
Is (-702606)/(-4)*(-44)/(-66) a composite number?
False
Suppose -b = -q + 1, 2*b - 3*q = q - 12. Suppose 4*h - g = 1391, -b*h = -2*g - 1287 - 107. Is h a composite number?
False
Let r(p) = -1003*p**3 - 5*p + 5. Is r(-2) prime?
True
Let k(y) = -23*y. Let j be k(-1). Let t(u) = -58*u - 4 - 12*u + j. Is t(-9) composite?
True
Let s be 28/13 + (-6)/39. Is s + -1 + (-11)/(33/(-5580)) a composite number?
False
Suppose -n + 23278 = -3*w, -3*w - 83357 + 13547 = -3*n. Is n prime?
False
Let f = 1560 - 275. Is f a prime number?
False
Is (-183071)/(-189)*3*9 composite?
False
Let f(w) = w**2 + 6*w + 7. Let r be f(-5). Suppose 0 = m - 4*k + 11, 4*m + k - r*k - 16 = 0. Suppose 5*l = -2*v + m, v + 14 = l + 2*l. Is l a prime number?
True
Let o(t) = 145*t**2 - 4*t + 87. Let s(v) = 48*v**2 - v + 29. Let p(c) = -2*o(c) + 7*s(c). Let h(b) = 9*b**2 + 6. Let g(n) = 11*h(n) - 2*p(n). Is g(7) composite?
False
Let a(o) = -o**2 - 3*o + 6. Let s be a(-6). Is 1/((-3)/(-6)) + s + 1767 prime?
False
Suppose 0 = 4*d - 0*d - 40. Let f = d - 12. Is (1/f)/((-3)/318) prime?
True
Suppose 0 = -5*y + 2*s + 65, -4*y + 10 = 5*s - 75. Let d be (1 + -520)*10/y. Let i = d + 875. Is i a composite number?
True
Suppose 0 = -8*h + 3*h + 10. Let x be -1 - (3 + (h - 9)). Suppose -4*w + 338 = 2*g, -x*w + 375 - 40 = 2*g. Is g a composite number?
False
Suppose 4*i + 7352 = 4*c, -6*c + c + 9178 = -i. Is c prime?
False
Let i(o) = 2*o**2 - 2*o + 5. Let y be i(5). Is 5588/6*y/30 a composite number?
True
Is (24/(-24))/(17943/8973 + -2) prime?
False
Let m(t) = 2*t**3 - 6*t**2 + 4*t - 10. Let b be m(4). Let f be b/4 - 2/(-4). Suppose f*s = 5*s + 655. Is s a composite number?
False
Let n(p) = -p + 7. Let v be 6/3 + 4 + -3. Let q be n(v). Suppose q*s - 161 = 51. Is s a prime number?
True
Let l = 85 - 74. Suppose -24*c + l*c = -325. Is c prime?
False
Suppose 3*h - 1 = 4*s, 0 = 3*h + 4*s + s - 19. Suppose i - g = 2*i - 7353, -h*i + 22067 = 5*g. Is i a prime number?
True
Suppose -15240 = -16*c + 82568. Is c composite?
False
Let x(v) = -2*v**3 + v**2 - 11*v - 1. Let d(m) = -6*m**3 + 4*m**2 - 32*m - 3. Let q be 8/4 - -1*15. Let i(z) = q*x(z) - 6*d(z). Is i(4) a composite number?
False
Suppose -109*i + 101226 = -103*i. Is i a prime number?
True
Let f be (-2)/(4/(-6)) + 319. Suppose 4*j - 2046 = -f. Is j a prime number?
True
Let r(z) = -3138*z**2 - 6*z + 5. Let i(v) = -6275*v**2 - 13*v + 11. Let c(p) = 4*i(p) - 9*r(p). Is c(1) composite?
True
Let k be 346/10 - (-28)/70. Let g be ((-50)/k)/(3/(-21)). Let b = 33 - g. Is b composite?
False
Suppose 3*l + m - 82562 = l, -3*l - 3*m + 123849 = 0. Is l a prime number?
False
Suppose 18*u + 80 = 22*u. Is 3/12 + 5895/u a composite number?
True
Let b(u) = -u**2 + 29*u + 2. Let f be b(12). Suppose -3*v - f = 370. Let l = v - -778. Is l composite?
True
Is (-4 + (-4772)/8)/((-1)/14) prime?
False
Let m(h) = 21 - 8 - 84*h - 12. Is m(-8) prime?
True
Suppose -5*j - 4*y = 0, 2*j - 6*j - 5*y - 9 = 0. Suppose -j*l + 341 = 1. Is l a prime number?
False
Suppose 9*q - 4 = 8*q. Suppose -q*r = 3*u - 1667, -3*u + 4*u - 4*r - 545 = 0. Is u composite?
True
Suppose 0 = 5*f - 18999 + 5999. Suppose -2021 = -3*s - 4*o, 5*s - 3*o - f = 720. Is s a composite number?
True
Let z be (6/5)/(4/10). Let f(b) be the first derivative of 9*b**2/2 + 7*b + 5. Is f(z) composite?
True
Suppose -2*i - 4*c = -48050, i - 3*c = -i + 48071. Is i a composite number?
True
Suppose -4*c = c - 5. Suppose -u = c - 2. Is (15 - 8)*(u + 78) composite?
True
Let g(f) = 27*f + 10. Is g(1) a prime number?
True
Let b(y) = y**2 + 5*y + 6. Let d be b(-5). Is 0 + 0 - (-108 - 18/d) a prime number?
False
Let m be 271*5/1 + -1. Let y = 552 + -1437. Let h = y + m. Is h a composite number?
True
Let l(r) = 2 + 29*r - 26*r + 76*r. Let o(d) = d**2 + 3. Let b be o(0). Is l(b) a composite number?
False
Suppose 18*q = 9*q + 27450. Is (-3)/18 + q/12 composite?
True
Suppose 3 + 3 = 5*m - 2*y, -3 = -2*m + y. Suppose m = -0*i + 2*i + 26. Is -3*(-6)/(-9) - i prime?
True
Suppose 307 = 3*r + 3*l - 458, 2*r - 2*l = 506. Is r a prime number?
False
Suppose -7*f + 2*f = 125. Let a = f - -25. Suppose 5*q + 3*g - 1452 = a, -5*q + 1457 = -g - g. Is q a prime number?
False
Let g(z) = -z**2 + 10*z - 11. Let w be g(8). Suppose -3*s - 2*p + 4 = 0, -w*s - 1 = 4*p - 9. Suppose s*d = 2*d - 838. Is d a prime number?
True
Let d(m) = 3*m**3 + 4*m**2 + 2*m - 4. Suppose -9 = -2*a - 3. Let q = a - 0. Is d(q) a composite number?
True
Let j(t) = t**2 + 9*t + 12. Let a be j(-10). Suppose -g = g - a. Let c(o) = o**2 - 7*o - 5. Is c(g) composite?
True
Let g be 4 - 7 - ((0 - -5) + 0). Is 176/g*17/(-2) a composite number?
True
Let z = -8446 + 19133. Is z a prime number?
True
Let d = -22 + 25. Suppose -m = d*g - 84 - 367, 4*m + 133 = g. Is g a composite number?
False
Let s(r) = 92*r**2 - 3*r + 3. Let h be s(-3). Suppose g = -g + h. Suppose 0 = 3*c + 63 - g. Is c prime?
False
Suppose -3*l - n = -2*n - 7, -5*l + 12 = -2*n. Let g(z) = 70*z - 420*z + 13*z - l. Is g(-1) a prime number?
False
Let b = -58 - 12. Is 20/b - 3518/(-14) prime?
True
Let m(q) = -147*q**3 + 6*q**2 - q + 17. Is m(-6) a composite number?
False
Let h = 6484 - 9591. Let g = h - -5594. Is g composite?
True
Let s be (-8)/((-4)/1 - -2). Suppose s*r - 205 = 135. Is r composite?
True
Suppose -2*n = -110 - 490. Suppose -4*h = -n - 368. Let z = -100 + h. Is z a prime number?
True
Is 1113 - 5/(30/(-12)) composite?
True
Let f(l) = 2*l**3 + 12*l**2 - l - 1. Let q(b) = 6*b**3 + 35*b**2 - 4*b - 2. Let o(c) = 8*f(c) - 3*q(c). Suppose -9*u + 7*u = 18. Is o(u) composite?
False
Let t(r) = 13*r - 2. Let x be t(2). Let u be (-16)/x - 14/6. Is u/(12/1556)*-1 composite?
False
Is ((-3941)/2)/(9/54*-3) composite?
True
Let v = 387 - 4776. Let x be v/14 - 2/(-4). Let t = x + 470. Is t a prime number?
True
Suppose 4056 = 6*q - 0*q. Let c be q/4 - (3 + -1). Is c + -3 + -1 + 4 a prime number?
True
Suppose h + 4*i = 8*i + 3591, -3*h + 4*i = -10789. Is h a prime number?
False
Suppose -8*p + 6*p - 10 = 0. Suppose 4*q + 2*u + 16 = -8, 3*q = 4*u - 7. Is p - q - (0 - 2) composite?
False
Suppose -3*o + 11420 = 2615. Is o a prime number?
False
Suppose 0 = -4*o + 292 + 688. Let v be 2/(-6)*(6 + -15). Suppose -o = -v*q + 2*u, 0 = -2*q - 0*u - u + 175. Is q composite?
True
Let l be 13/5 - 6/10. Suppose 3*c = w - 168, -l*c + 630 = 7*w - 3*w. Suppose 5*b = 26 + w. Is b prime?
True
Let b(w) = -47*w**3 + 3*w**2 - 49. Is b(-8) prime?
False
Suppose -n = 4*o - 0*o - 9, -n = 2*o - 5. Suppose -3*p = -o*p. Suppose p*c - 3*c = -213. Is c a composite number?
False
Let x(s) = 6*s**2 - 5. Let u = -4 + 10. Suppose d + 0*d + u = 0. Is x(d) prime?
True
Suppose 84*h - 87*h = -4089. Is h composite?
True
Suppose 17*h = 13*h + b + 52920, 4*h - 52896 = -5*b. Is h composite?
False
Suppose -4*t + t = s - 15665, 0 = 2*s + 5*t - 31328. Is s composite?
True
Let n = -4600 - -23301. Is n composite?
False
Let u(v) = 813*v**2 - 5*v + 16. Is u(3) a prime number?
False
Suppose 13*o = 329344 + 5965. Is o a prime number?
True
Let t = 4 + -4. Suppose t = -4*g + 4*d + 428, -g = -5*g - 5*d + 392. Let q = -68 + g. Is q a prime number?
False
Let o = -1044 + 2975. Is o a prime number?
True
Suppose 9*n - 4*n + 4*y = 32, 0 = 3*y + 6. Let d = 48 - n. Suppose -m = -279 - d. Is m a composite number?
True
Let a be 1 - (12/(-15))/((-7)/(-35)). Suppose 0 = a*b - 19832 - 693. Is b a composite number?
True
Let u(r) = 6954*r - 31. Is u(4